3 - 16*g**2 - 2*g + 12. Let z = 66 - 94. Let v be (-7)/z + 130/(-8). List the prime factors of i(v).
2, 11
Suppose m + 554 = -m - u, -3*m + 2*u = 831. Let s = 189 + m. What are the prime factors of (6/24)/((-2)/s)?
11
Let o be 4/(-3)*(-2 + -1). Suppose -4*v = -8*v - 3*p + 402, v - 93 = 3*p. Suppose -2*q = -k + 26, -k + o*k - v = -q. What are the prime factors of k?
2
Suppose 2*o - 273 = 3*n, 3*o = 4*n + 135 + 274. Suppose -72*i + 67*i = -o. What are the prime factors of i?
3
Suppose 0 = -46*k - 869 + 9563. What are the prime factors of k?
3, 7
Suppose 2*d + 3*d = 4*b + 6, 0 = 2*b + 8. Let s be 2*-1 - (d + -3). Suppose -14 = -p - 2*z, s*p - z - 3*z - 62 = 0. List the prime factors of p.
2, 3
Let o(q) = -q**3 - 20*q**2 + 21*q + 9. Let d be o(-21). What are the prime factors of 3 + d*(0 - -9)?
2, 3, 7
Let f(k) = k**3 + 10*k**2 + 8*k - 7. Let t be f(-9). Suppose 3*i - 97 = -0*i + t*p, 20 = 5*p. List the prime factors of i.
5, 7
Suppose 3*n + 7*n = 550. List the prime factors of n.
5, 11
Let c(x) = -x**3 - 3*x**2 - x + 4. Let h be c(-2). Let b(z) = -16*z - 8. Let u(i) = -5*i - 3. Let f(g) = -5*b(g) + 14*u(g). List the prime factors of f(h).
2, 3
Suppose -4*r - 107*y + 1772 = -109*y, 3*r - 4*y = 1339. List the prime factors of r.
3, 7
Let n(p) = 43*p**2 - 22*p. List the prime factors of n(3).
3, 107
Suppose -5*x + 3*x - a + 14 = 0, -5*a - 50 = -5*x. Let j = x - -214. List the prime factors of j.
2, 3, 37
Let v = 437 - 143. List the prime factors of v.
2, 3, 7
Suppose 0 = 3*g + 49 - 355. What are the prime factors of g?
2, 3, 17
Let o = -2353 + 4734. What are the prime factors of o?
2381
Let w(v) = v**2 - 8*v - 11. Let i be w(6). List the prime factors of i + 64 - (1 - -1).
3, 13
Suppose -4*v = -3*g - 350, 261 = 10*v - 7*v - 3*g. What are the prime factors of v?
89
Let b(d) be the second derivative of d**5/20 + d**4/6 - 2*d**3/3 - d**2/2 + 3*d. Let l be b(-3). Suppose -l*s = -27 - 29. List the prime factors of s.
2, 7
Let z = -208 - -419. List the prime factors of z.
211
Suppose -10*j + 11*j + w = 103, -3*j + 5*w + 293 = 0. What are the prime factors of j?
101
Suppose 10*a + 9 = 11*a. Suppose 0 = u - 6 + a. What are the prime factors of u + 6 - 0 - -14?
17
Let z(s) = -40*s + 4. Let b be z(-1). What are the prime factors of (-8)/b - 68/(-11)?
2, 3
List the prime factors of (-77)/(((-54)/12)/9).
2, 7, 11
Let y = 144 + -37. Suppose 0*q + 4*q = -16, -3*q = -5*w + y. Let c(i) = 3*i + 5. What are the prime factors of c(w)?
2, 31
Let c = -25 - -97. Let r be (6 - c) + (0 - -3). Let f = r - -99. What are the prime factors of f?
2, 3
Let y(v) = 10*v - 4. Let r be (6 + -11)/(-1 + 0). Let q be y(r). Suppose 14 = -g + q. What are the prime factors of g?
2
Let b(k) = -5*k**2 + 5*k + 1. Let i(g) = -15*g**2 + 14*g + 3. Let x(q) = 11*b(q) - 4*i(q). Let w be x(-2). Suppose w - 79 = -2*f. List the prime factors of f.
29
Suppose -4 = -2*f - 2*f. Let m be 7/(-4) - 3/12. What are the prime factors of -5*(-4 - (m - f))?
5
Let w(b) = 3*b**3 - 4*b**2 - 4*b - 5. Let k(h) = -5*h**3 + 7*h**2 + 7*h + 9. Let q(m) = 4*k(m) + 7*w(m). What are the prime factors of q(6)?
7, 31
Suppose -7*r - 46 = -m - 2*r, -r - 89 = -4*m. Suppose -5*f = -61 + m. List the prime factors of f.
2
Suppose -4*s + 12 - 4 = 0. List the prime factors of (s - 30/18)*366*1.
2, 61
Let j(k) = k**3 + 8*k**2 + 9*k - 21. Let w be j(-8). Let l = -46 - w. What are the prime factors of l?
47
Let o(q) = 2*q - 14. Let w be o(13). Suppose 0 = -8*u + w*u - 280. List the prime factors of u.
2, 5, 7
Let d = 8 - 1. Suppose 0 = -i + 270 - 36. Suppose r + i = d*r. What are the prime factors of r?
3, 13
Suppose -y - 17 = -5*y - 5*s, 4*y + 2*s - 14 = 0. Suppose 7 = 4*c + 3*h - 13, -y*h = -12. Suppose -c*w = -8 - 8. What are the prime factors of w?
2
List the prime factors of ((-35)/(-10) + 0)*134.
7, 67
Suppose 3*a + 4*a - 35 = 0. Suppose 0*w + 520 = 5*w - a*p, -p = w - 102. List the prime factors of w.
103
Suppose 32*o + 3*t = 28*o + 8121, 2*t - 10146 = -5*o. List the prime factors of o.
2, 3, 13
Let y = 1695 - -26. What are the prime factors of y?
1721
Suppose -6*m = 4*c - 3*m - 10783, -4*c + 10795 = -m. List the prime factors of c.
2, 19, 71
Let x = 1166 - 806. List the prime factors of x.
2, 3, 5
Suppose 2*w - 4*z = 10, -4*z - 20 = w - z. Let s be 9/(-45) - (-109)/w. Let c = 45 + s. List the prime factors of c.
23
Suppose 80 = 7*r + r. List the prime factors of 1885/25 - 4/r.
3, 5
Let o be 1/(-2) + (-5388)/24. Let d be (-12)/(-6)*o/(-2). Suppose -7*m + 638 = d. What are the prime factors of m?
59
Let x(d) = 4*d**2 - 14*d - 24. List the prime factors of x(-10).
2, 3, 43
Let q(o) = o**3 - 15*o**2 + 18*o + 21. Let n be q(14). What are the prime factors of -3 + 2 + (n - (-4 + 3))?
7, 11
Suppose 14*q - 6681 = -3. What are the prime factors of q?
3, 53
Let k(r) = -r**3 + 10*r**2 - 14*r - 11. Let u be k(8). Suppose 0 = -3*s + u*s + 76. List the prime factors of 3*5/(-30)*s.
19
List the prime factors of (-1855)/(-28) - (-10)/(-8).
5, 13
Let v = 639 - 117. List the prime factors of v.
2, 3, 29
Let i(u) be the second derivative of -u**5/4 - u**4/4 - u**3/3 - u**2/2 + u. What are the prime factors of i(-2)?
31
Suppose -4*m = -2*z - 0*z + 1408, -2*m + 1426 = 2*z. What are the prime factors of z?
2, 5, 71
Let t be (0 - (0 + 2)) + (1 - -5). Suppose -x = t*u + u - 97, -485 = -5*x + 3*u. List the prime factors of x.
97
Let c(g) = 17*g**2 + 17*g + 30. Let k be (-80)/36 + -4*(-1)/18. What are the prime factors of c(k)?
2
Suppose 14*v - 2177 = 1169. List the prime factors of v.
239
Let f(n) = -7 + n**2 + 13 - 6*n - 4. Suppose 28 = 3*l + l + 4*j, 2*l - 11 = -5*j. What are the prime factors of f(l)?
2, 3
Let j(s) = 45*s**2 + 10*s - 5. List the prime factors of j(-7).
2, 3, 5, 71
Suppose f - 2*k = -264 + 663, -5*f = k - 1995. Suppose -8*b + f = -b. Let g = b + -2. What are the prime factors of g?
5, 11
Suppose -2*j + 6 = -3*k - 8, 4*j - 3*k = 22. Suppose j*f + 448 = 8*f. Suppose 5*h + 3*n = f, 4*h + 45 = 6*h + n. What are the prime factors of h?
23
Let l be 103*(0 + -7 + 5). Let u = l + 454. List the prime factors of u.
2, 31
Suppose -10*a + 18 = -13*a. Let m = a + 16. Suppose x = -m + 56. List the prime factors of x.
2, 23
Suppose 5*u = 6*u - 2170. What are the prime factors of u?
2, 5, 7, 31
Let m = -578 - -657. What are the prime factors of m?
79
Suppose 4*r = 2*r + 20. Let s(h) = -7*h + 9. Let t(n) = 3*n - 5. Let p(z) = r*t(z) + 4*s(z). List the prime factors of p(12).
2, 5
Suppose 10*f = 15*f, -4*f = 4*m - 3344. List the prime factors of m.
2, 11, 19
Suppose w + 1 - 6 = 0. Suppose -q = w*q - 636. List the prime factors of q.
2, 53
Suppose -5*t = 3 + 12. List the prime factors of (-2)/t*(-1 + 5)*42.
2, 7
Suppose 0 = -5*h + l + 2 + 11, 17 = h - 5*l. Suppose -4 = 2*z, 4*z = h*t + z - 540. What are the prime factors of t?
3, 89
Let m(u) = -175*u + 73. Let o be m(15). Suppose 0*n + 2*n + 10 = 0. List the prime factors of 2/n - o/55.
2, 23
What are the prime factors of 7413/14 + 2/(2 + -6)?
23
Let z be 20/30 - 88/6. Let i = z + 17. Let t(j) = j**2 + j + 7. What are the prime factors of t(i)?
19
Let h = 609 - -406. List the prime factors of h.
5, 7, 29
Suppose 53 = 3*m - 1. Suppose -2*r + m = -r. What are the prime factors of r?
2, 3
Suppose 5*k - 5 = 5*b, 3*b + 0*k - 5 = k. Suppose v - 4*g - 12 = 0, -59 = -4*v - b*g - 11. What are the prime factors of v?
2, 3
List the prime factors of 8980/(-80)*(0 + -12).
3, 449
Let w be 14/6 + 32/48. Let m be (5/w)/(2/336). What are the prime factors of (m/(-12))/(2/(-3))?
5, 7
Let r be (70/15)/((-2)/(-3)). Suppose 711 = -5*v - 2*c, 3*c = -r*v + 3*v - 566. List the prime factors of 1 + (v + -1)/(-3).
7
List the prime factors of (2/(-12) + 86/12)*23.
7, 23
Let j = 71 + -167. Let p = -32 - j. What are the prime factors of p?
2
Let g = -321 + 699. Suppose -g = -5*q + 2. List the prime factors of q.
2, 19
Suppose 0 = -2*w - 5*x + 821, -w - 5*x + 3*x + 409 = 0. What are the prime factors of w?
13, 31
Let f = 269 - -295. What are the prime factors of f?
2, 3, 47
Let s(a) = 6*a**2 - 3*a - 22. Let x be s(-10). Suppose -3*z + x + 256 = 0. What are the prime factors of z?
2, 3
Suppose 0 = -3*o - 2*n + 7*n + 32, 2*n = o - 12. Suppose -3*b + 182 = o*b. Let j = 96 - b. What are the prime factors of j?
2, 5, 7
Let b be (1